atest common divisor of 25 and 8495.
5
Calculate the greatest common factor of 42768 and 418.
22
What is the greatest common factor of 23840 and 320?
160
Calculate the greatest common factor of 433232 and 32.
16
What is the greatest common factor of 572 and 251?
1
Calculate the greatest common divisor of 11566351 and 89.
89
What is the highest common factor of 130 and 31810?
10
Calculate the greatest common factor of 808 and 312.
8
Calculate the highest common divisor of 2387115 and 90.
45
Calculate the highest common divisor of 198151 and 19.
19
Calculate the greatest common factor of 11040 and 396.
12
What is the greatest common factor of 376250 and 1935?
215
Calculate the highest common divisor of 14395 and 5.
5
Calculate the highest common divisor of 1392 and 48.
48
What is the highest common divisor of 2064922 and 238?
34
What is the greatest common factor of 6360 and 2703?
159
What is the highest common divisor of 13025 and 1075?
25
What is the highest common factor of 14 and 9961?
7
Calculate the highest common factor of 38 and 154185.
19
What is the greatest common factor of 59573 and 205?
41
Calculate the highest common factor of 145620 and 580.
20
Calculate the greatest common factor of 51 and 1723647.
51
Calculate the highest common divisor of 2265 and 4785.
15
Calculate the highest common divisor of 172568 and 962.
74
Calculate the highest common factor of 900 and 800.
100
Calculate the highest common factor of 4995 and 144115.
185
What is the greatest common factor of 26 and 28964?
26
Calculate the highest common factor of 6750 and 2303250.
750
What is the greatest common factor of 211 and 543747?
211
What is the highest common factor of 173 and 752?
1
What is the greatest common factor of 26 and 3994?
2
Calculate the greatest common factor of 5110 and 1190.
70
Calculate the greatest common factor of 80 and 6960.
80
Calculate the greatest common factor of 129411 and 18.
9
What is the highest common divisor of 185845 and 40?
5
What is the greatest common divisor of 1552 and 48496?
16
What is the highest common divisor of 90405 and 25?
5
Calculate the highest common divisor of 60 and 4455.
15
Calculate the highest common divisor of 5337 and 2187.
9
Calculate the greatest common factor of 2817873 and 1971.
657
Calculate the greatest common divisor of 24 and 36480.
24
What is the greatest common divisor of 150 and 1905?
15
What is the greatest common factor of 6001 and 26469?
17
Calculate the greatest common divisor of 388 and 3318.
2
What is the highest common factor of 1072087 and 586?
293
Calculate the highest common factor of 13216 and 1357.
59
What is the highest common divisor of 20 and 12828?
4
Calculate the highest common factor of 12 and 479019.
3
What is the highest common factor of 308 and 256?
4
Calculate the greatest common divisor of 24381 and 337120.
301
Calculate the highest common factor of 16042 and 3085.
617
What is the highest common factor of 2079 and 2849?
77
What is the greatest common divisor of 21539 and 31535?
119
What is the greatest common divisor of 54875 and 3375?
125
What is the highest common divisor of 10142 and 1606?
22
What is the highest common factor of 160 and 1495?
5
Calculate the highest common factor of 325 and 34775.
325
Calculate the highest common divisor of 323 and 738758.
19
Calculate the greatest common factor of 15 and 8585.
5
What is the highest common factor of 72 and 38616?
24
Calculate the highest common factor of 8122 and 25482.
62
Calculate the highest common factor of 2884805 and 889.
889
What is the highest common divisor of 384 and 3226240?
128
What is the highest common divisor of 5038 and 3322?
22
Calculate the highest common factor of 312576 and 8954.
814
What is the greatest common divisor of 957628 and 14?
14
What is the greatest common factor of 5176 and 668998?
1294
What is the greatest common factor of 27 and 32877?
9
What is the greatest common divisor of 33 and 18293?
11
Calculate the greatest common factor of 7 and 192752.
7
What is the highest common divisor of 94027 and 17?
17
What is the greatest common divisor of 3126920 and 80?
40
Calculate the highest common factor of 5136 and 38928.
48
What is the greatest common factor of 2338 and 15698?
334
What is the highest common divisor of 6 and 1509?
3
Calculate the highest common divisor of 410 and 5986.
82
What is the greatest common factor of 11765 and 6110?
65
What is the highest common factor of 882 and 3222?
18
Calculate the highest common divisor of 238 and 4410.
14
What is the highest common divisor of 2930 and 200?
10
What is the greatest common factor of 907 and 30545946?
907
Calculate the highest common factor of 175 and 14825.
25
What is the greatest common divisor of 2 and 254?
2
Calculate the highest common factor of 3162876 and 12.
12
What is the greatest common factor of 43 and 69187?
43
Calculate the greatest common divisor of 231979 and 77.
11
Calculate the greatest common divisor of 162 and 85293.
81
What is the greatest common factor of 972 and 8964?
108
What is the highest common divisor of 114558 and 366?
366
Calculate the greatest common factor of 4 and 3871.
1
Calculate the greatest common factor of 9434 and 8.
2
Calculate the highest common divisor of 3108 and 301365.
111
Calculate the greatest common factor of 39423 and 21471.
51
What is the highest common divisor of 594 and 18546?
66
What is the highest common factor of 5627 and 51?
17
Calculate the highest common divisor of 20553 and 9021.
93
What is the greatest common divisor of 3141539 and 556?
139
Calculate the greatest common factor of 1788 and 19221.
447
Calculate the highest common divisor of 24791 and 104.
13
What is the highest common divisor of 3 and 485461?
1
Calculate the highest common factor of 16665 and 689325.
1515
Calculate the highest common factor of 500503 and 161.
23
What is the greatest common factor of 386 and 206317?
193
What is the highest common divisor of 117 and 899418?
39
What is the greatest common divisor of 13848 and 168?
24
Calculate the greatest common divisor of 517405 and 35.
35
What is the greatest common factor of 38130 and 3280?
410
Calculate the greatest common factor of 12 and 921372.
12
Calculate the highest common factor of 103883 and 76128.
793
What is the highest common divisor of 99309 and 105?
21
What is the highest common factor of 3274546 and 753?
251
Calculate the greatest common divisor of 46976 and 1920.
128
Calculate the greatest common divisor of 21120 and 156420.
660
What is the highest common divisor of 182869 and 1054?
527
Calculate the greatest common factor of 2561 and 702.
13
What is the highest common factor of 216 and 147258?
54
Calculate the greatest common factor of 1395 and 226035.
45
What is the highest common factor of 81 and 56916?
27
Calculate the greatest common divisor of 36 and 13437.
9
What is the greatest common factor of 31 and 9849?
1
What is the greatest common factor of 770 and 393778?
154
Calculate the greatest common divisor of 11364 and 177.
3
What is the highest common factor of 141 and 303573?
141
Calculate the greatest common divisor of 110922 and 28217.
973
Calculate the greatest common divisor of 9548 and 8463.
217
What is the highest common divisor of 88 and 256938?
22
What is the greatest common divisor of 1363 and 16591?
47
What is the greatest common divisor of 114562 and 56?
14
What is the greatest common factor of 470491 and 35?
7
What is the greatest common divisor of 21600 and 11160?
360
What is the highest common divisor of 916 and 260602?
458
What is the highest common divisor of 166 and 154?
2
What is the greatest common divisor of 11051 and 29068?
43
What is the highest common divisor of 75624 and 88596?
276
Calculate the greatest common factor of 5940 and 381240.
540
Calculate the greatest common divisor of 73964 and 328.
164
Calculate the greatest common divisor of 3010 and 2002.
14
Calculate the greatest common divisor of 20900 and 67450.
950
Calculate the highest common factor of 6 and 33963.
3
Calculate the greatest common factor of 18648 and 1134.
126
What is the greatest common factor of 7707 and 11739?
21
Calculate the greatest common divisor of 84 and 8337.
21
What is the greatest common factor of 191488 and 1683?
187
Calculate the 